s k(-8)?
29
Let l(g) = 3*g**3 + 33*g**2 - 569*g - 6171. Determine l(-11).
88
Let x(l) = l**3 - 115*l**2 + 64*l + 3211. Give x(114).
-2489
Let j(f) = -5*f**3 + 69*f**2 + 55*f - 794. What is j(14)?
-220
Let h(w) = 136*w - 2363. Give h(23).
765
Let z(s) = -788*s - 48066. Give z(-61).
2
Let z(q) = 5*q**3 + 668*q**2 - 283*q - 3226. What is z(-134)?
-1216
Let y(p) = 115263*p - 230541. What is y(2)?
-15
Let y(g) = -50*g**2 - 290*g + 2061. Calculate y(-10).
-39
Let m(w) = -2*w**3 - 247*w**2 + 500*w - 8. Calculate m(2).
-12
Let q(v) = 7613*v + 1294204. Determine q(-170).
-6
Let l(n) = n**3 + 54*n**2 - 1218*n - 59681. Calculate l(-57).
-2
Let r(v) = v**3 - 22*v**2 - 109*v + 154. What is r(26)?
24
Let q(v) = -v**2 + 975*v - 134370. Calculate q(166).
-76
Let q(f) = f**2 - 314*f + 19229. Give q(82).
205
Let h(a) = 2*a**3 + 50*a**2 + 316*a + 13. Give h(-13).
-39
Let h(x) = 2783*x - 576270. Give h(207).
-189
Let b(h) = 5*h**2 + 891*h - 51279. What is b(-224)?
17
Let v(j) = -208*j - 588. Give v(9).
-2460
Let u(s) = -164*s - 8280. What is u(-49)?
-244
Let v(m) = -2*m**2 + 72*m + 524. Determine v(42).
20
Let r(b) = b**3 - 114*b**2 - 572*b - 2663. Determine r(119).
74
Let s(i) = -5*i**2 + 1401*i - 12511. What is s(9)?
-307
Let d(u) = u**3 - 97*u**2 - 7162*u - 18522. What is d(-47)?
-4
Let r(z) = 3*z**2 - 290*z - 4703. Calculate r(-16).
705
Let b(h) = -3*h**3 - 249*h**2 - 473*h + 1139. Determine b(-81).
86
Let p(m) = m**3 - 16*m**2 - 68*m - 11. Determine p(19).
-220
Let z(g) = g**3 - 69*g**2 - 3102*g + 260. Give z(100).
60
Let n(z) = -7069*z + 890683. What is n(126)?
-11
Let y(q) = -q**3 - 341*q**2 - 3944*q + 1323. Give y(-329).
7
Let l(k) = -5948*k + 53523. Determine l(9).
-9
Let q(g) = 874*g**3 + 7*g**2 + 10*g + 13. Determine q(-1).
-864
Let b(f) = 2*f**3 - 1061*f**2 + 1558*f + 15408. What is b(529)?
67
Let z(q) = 3290*q + 15904. What is z(-6)?
-3836
Let s(v) = -26997*v + 432054. What is s(16)?
102
Let v(o) = -6804*o**2 - 608*o - 2. What is v(1)?
-7414
Let f(t) = 33365*t - 367030. What is f(11)?
-15
Let t(y) = y**2 + 102*y - 3557. Determine t(-136).
1067
Let p(r) = 155*r + 27181. Give p(-175).
56
Let f(v) = -v**2 + 1634*v - 592404. Determine f(543).
9
Let v(n) = -16*n**3 - 47*n**2 + 8*n + 13. Give v(-3).
-2
Let n(z) = 4*z**2 + 16141*z - 32280. What is n(2)?
18
Let b(o) = -3*o**3 - 16*o**2 + 3182*o - 57. What is b(30)?
3
Let o(f) = -71*f**2 + 13978*f + 15865. What is o(198)?
25
Let q(x) = -640*x - 63884. Give q(-100).
116
Let b(y) = -y**2 + 6639*y - 4318747. Determine b(731).
1
Let q(s) = -712*s - 12868. What is q(-19)?
660
Let h(r) = 16*r**3 + 199*r**2 - 331*r + 291. Determine h(-14).
25
Let n(k) = -k**3 - 18*k**2 + 471*k + 8064. What is n(-16)?
16
Let q(z) = 5432*z + 363944. Calculate q(-67).
0
Let n(p) = -2351*p**3 - 150*p + 148. Determine n(1).
-2353
Let n(w) = -w**3 - 73*w**2 + 336*w + 29415. Calculate n(-72).
39
Let n(g) = -14*g**3 - 15*g**2 - 3015*g + 18167. Calculate n(6).
-3487
Let h(b) = -8*b**3 + 187*b**2 - 208*b - 714. Give h(22).
34
Let q(i) = -i**2 + 4010*i + 24081. Calculate q(-6).
-15
Let m(i) = 11*i**2 - 4841*i + 376. Give m(440).
-64
Let v(g) = 31*g**2 + 937*g - 4256. Calculate v(4).
-12
Let t(n) = 2*n**3 - 16*n**2 + 1346*n - 2630. Determine t(2).
14
Let g(v) = 52410*v + 524218. Determine g(-10).
118
Let r(u) = -5*u**3 - 144*u**2 - 155*u - 5339. Calculate r(-29).
-3
Let m(k) = -11*k - 266. What is m(-48)?
262
Let y(n) = -4773*n + 18861. Give y(4).
-231
Let o(w) = -46*w**2 - 13795*w + 15323. What is o(-301)?
-28
Let y(f) = -62*f**2 + 1408*f + 1399. What is y(-1)?
-71
Let f(u) = -3*u**3 + 5*u**2 + 1481*u - 257. Calculate f(23).
-50
Let g(o) = 29957*o + 59793. Calculate g(-2).
-121
Let d(i) = 4561152*i + 22805763. What is d(-5)?
3
Let v(a) = -24*a**2 + 152*a + 3. Determine v(6).
51
Let i(k) = -k**3 + 191*k**2 - 9119*k - 3. Determine i(96).
93
Let m(z) = 710*z - 2889. What is m(4)?
-49
Let u(n) = 2*n**2 - 235*n + 2833. What is u(12)?
301
Let g(y) = -497*y + 6465. What is g(12)?
501
Let v(c) = c**2 - 355*c - 76167. Determine v(-151).
239
Let o(y) = y**3 - 22*y**2 - 88*y + 442. What is o(24)?
-518
Let j(m) = 32*m**2 + 157*m + 158. Determine j(-1).
33
Let r(k) = -84*k + 6078. Give r(53).
1626
Let f(b) = 18164*b**2 + 145316*b + 27. Determine f(-8).
-5
Let r(w) = -2*w**2 - 299*w - 10739. Calculate r(-79).
400
Let f(p) = 11621*p - 1301520. Give f(112).
32
Let l(b) = -b**3 - 303*b**2 - 13631*b + 99. Calculate l(-55).
-396
Let p(a) = a**3 + 83*a**2 + 73*a + 12572. Give p(-84).
-616
Let w(h) = 5697*h**2 - 34170*h - 71. What is w(6)?
1
Let d(t) = 2*t**3 + 50*t**2 - 177*t + 91. Determine d(-28).
343
Let z(a) = -2*a**2 + 990*a + 11040293. Give z(-2115).
-7
Let y(c) = 10*c**3 + 1432*c**2 + 284*c + 73. Give y(-143).
359
Let u(f) = 3787*f + 22604. Determine u(-6).
-118
Let w(s) = 1702158*s - 6808605. Give w(4).
27
Let d(f) = 31*f**3 - 319*f**2 + 13*f - 25. Determine d(10).
-795
Let r(p) = -2*p**2 + 785*p + 34527. Give r(-41).
-1020
Let p(g) = -11*g**2 - 18849*g + 18848. Give p(1).
-12
Let x(j) = -466*j**3 + 2*j**2 - 6*j - 9. What is x(-1)?
465
Let l(h) = -4*h**2 + 272*h - 167. What is l(68)?
-167
Let j(f) = f**2 + 888*f + 60987. Determine j(-75).
12
Let c(j) = -j**3 - 19*j**2 + 128*j + 58. Give c(-25).
608
Let y(n) = 4*n**3 + 16*n**2 - 98*n - 1131. What is y(-9)?
-1869
Let t(v) = 2*v**3 + 305*v**2 + 10496*v - 26292. Give t(-97).
-5
Let p(j) = -4*j**2 + 4075*j + 24413. Give p(-6).
-181
Let g(b) = 4*b**2 + 2496*b + 22126. Give g(-9).
-14
Let p(n) = 512*n - 22004. Calculate p(43).
12
Let r(j) = -j**3 + j**2 + 140*j - 607. What is r(9)?
5
Let r(v) = 374*v**2 - 2117*v - 6. Calculate r(6).
756
Let w(t) = -13*t**2 + 1069*t + 6609. Determine w(88).
9
Let n(v) = -2*v**3 - 110*v**2 + 121*v - 152. Calculate n(-56).
-656
Let h(f) = f**3 + 376*f**2 - 10912*f + 830. What is h(27)?
-7
Let v(f) = -f**3 - 120*f**2 - 3454*f - 1676. Give v(-73).
3
Let n(w) = 194*w**3 - 5*w**2 + 1061*w + 1064. Determine n(-1).
-196
Let o(h) = h**3 + 25*h**2 - 178*h - 4930. Give o(-15).
-10
Let x(l) = l**3 - 86*l**2 + 1310*l + 605. What is x(66)?
-55
Let r(t) = -6*t**2 + 156*t + 654. What is r(31)?
-276
Let s(c) = 97565*c - 8. Give s(0).
-8
Let q(x) = -49363*x + 3504783. Calculate q(71).
10
Let z(x) = -439632*x - 2637808. Determine z(-6).
-16
Let w(h) = 14*h**2 + 3907*h - 28027. Calculate w(7).
8
Let a(m) = 134*m - 47742. Calculate a(358).
230
Let d(g) = -3*g**2 - 293*g + 3540. Give d(18).
-2706
Let g(i) = -i**3 - 19*i**2 + 461*i + 97. Determine g(-33).
130
Let v(s) = -30086*s - 90253. Give v(-3).
5
Let g(k) = 861*k + 48261. Calculate g(-56).
45
Let n(p) = -8847*p - 796231. Determine n(-90).
-1
Let i(r) = r**3 + 4*r**2 - 64*r - 11. What is i(-11)?
-154
Let z(x) = x**3 + 220*x**2 - 1567*x + 815. What is z(-227)?
-4179
Let d(x) = 4128*x - 4133. Give d(1).
-5
Let w(s) = 130615*s - 1044979. Determine w(8).
-59
Let k(f) = -306931*f - 1534665. Give k(-5).
-10
Let c(a) = -126*a**2 + 283*a + 268. Calculate c(3).
-17
Let o(d) = -2*d**3 - 456*d**2 - 895*d + 1847. Calculate o(-226).
-187
Let n(x) = 12414*x + 24780. Calculate n(-2).
-48
Let o(q) = -586*q - 9190. Give o(-16).
186
Let y(a) = 22*a**2 + 101*a - 31. What is y(-4)?
-83
Let z(g) = 4*g**2 - 144*g + 1662. Calculate z(20).
382
Let i(n) = -6*n**2 + 1231*n + 4681. Calculate i(209).
-126
Let j(m) = -907364*m + 6351529. Calculate j(7).
-19
Let w(o) = o**3 - 37*o**2 + 4506*o - 266228. Determine w(51).
-8
Let r(p) = -17120*p - 85598. Give r(-5).
2
Let i(b) = -56597*b + 452848. Calculate i(8).
72
Let s(v) = 156*v + 5219. Give s(-32).
227
Let l(j) = -j**3 + 47*j**2 + 766*j + 445. Calculate l(60).
-395
Let y(h) = -2768*h + 387534. What is y(140)?
14
Let l(x) = 14719*x - 294358. Determine l(20).
22
Let j(d) = 582*d + 34891. Calculate j(-60).
-29
Let i(p) = -6316*p + 1080023. Determine i(171).
-13
Let j(v) = 91595*v - 6228460. Give j(68).
0
Let g(b) = -6558*b + 1750987. What is g(267)?
1
Let n(c) = 50904*c + 407264. What is n(-8)?
32
Let g(o) = -1076*o**2 - 22587*o + 241. Give g(-21).
52
Let u(v) = -1637*v - 3312. Calculate u(-4).
3236
Let f(v) = -v**3 + 34*v**2 - 615*v + 20891. Give f(34).
-19
Let r(i) = 3*i**2 + 38*i + 33. What is r(-5)?
-82
Let p(h) = -81*h**2 + 656*h + 657. Determine p(-1).
-80
Let s(l) = 3045*l - 36974. Calculate s(12).
-434
Let m(l) = 58*